27
Let m(n) = -7227*n + 5890006. What is m(815)?
1
Let o(w) = 241*w**2 + 8692*w + 73. Determine o(-36).
-503
Let g(i) = -309*i + 51255. Give g(161).
1506
Let n(m) = -4*m**3 + 234*m**2 - 1165*m - 166. What is n(53)?
-113
Let r(p) = 3*p**3 - 360*p**2 - 11*p + 1474. What is r(120)?
154
Let z(a) = 6*a**3 + 75*a**2 + 109*a + 54. Determine z(-11).
-56
Let o(c) = 3*c**2 + 9*c - 206. Give o(19).
1048
Let a(w) = -5*w**3 - 9*w**2 + 231*w + 660. Determine a(-3).
21
Let l(h) = 3*h**2 - 6549*h - 32803. Calculate l(-5).
17
Let r(a) = -a**2 - 669*a - 32649. What is r(-53)?
-1
Let f(i) = 184095*i + 5891040. Give f(-32).
0
Let a(t) = -29*t**2 + 7339*t + 482. Determine a(253).
988
Let h(k) = 5*k**3 - 514*k**2 - 1359*k + 129333. Calculate h(103).
-35
Let w(q) = -8475*q + 203405. Determine w(24).
5
Let p(d) = 1135*d - 1484. What is p(1)?
-349
Let m(v) = v**3 - 22*v**2 + 70*v + 253. Calculate m(17).
-2
Let s(y) = y**3 + 47*y**2 - 6*y - 8. Determine s(-47).
274
Let r(w) = -11373*w - 625534. Calculate r(-55).
-19
Let o(p) = 25*p**2 + 1201*p + 10844. Determine o(-36).
8
Let j(x) = -44*x**2 + 11247*x - 114423. Give j(245).
-8
Let m(v) = 1508*v - 8219. Calculate m(6).
829
Let i(c) = -5*c**2 - 16*c - 49. What is i(-9)?
-310
Let l(r) = 23*r**3 - 119*r**2 - 22*r - 20. Calculate l(6).
532
Let k(x) = 462*x + 72201. Give k(-160).
-1719
Let a(w) = 5*w**2 - 3358*w + 74571. Determine a(23).
-18
Let o(q) = q**3 - 169*q**2 - 2772*q + 1056. What is o(184)?
-1152
Let w(b) = b**2 - 3080*b + 42926. What is w(14)?
2
Let u(c) = 487*c**2 + 125649*c + 779. Give u(-258).
5
Let s(x) = -25*x**2 + 37038*x + 111334. Calculate s(-3).
-5
Let f(h) = -298*h - 223. Determine f(-1).
75
Let t(u) = -10933*u - 1519679. Give t(-139).
8
Let n(y) = 56024*y + 112050. Determine n(-2).
2
Let y(u) = 2*u**3 + 328*u**2 + 1282*u + 306. What is y(-160)?
-14
Let o(k) = 80*k**2 - 3194*k - 235. Determine o(40).
5
Let d(z) = z**3 + 99*z**2 - 12*z - 377. Calculate d(-99).
811
Let u(h) = 8894*h + 195614. Calculate u(-22).
-54
Let g(r) = 4*r**2 - 3774*r - 7554. Calculate g(-2).
10
Let h(x) = -27*x**2 + 76*x - 249. What is h(5)?
-544
Let g(q) = 424*q**2 - 2144*q + 1776. Calculate g(4).
-16
Let j(w) = -w**3 - 3865*w + 23451. Determine j(6).
45
Let m(l) = -104*l - 350. What is m(-2)?
-142
Let t(c) = -2*c**3 - 83*c**2 + 1777*c + 139. Calculate t(-57).
-431
Let v(n) = 167*n**2 + 2713*n + 558. Calculate v(-16).
-98
Let b(x) = 28*x**3 + 133*x**2 + 10*x + 45. Determine b(-4).
341
Let s(j) = 100*j - 365. Give s(0).
-365
Let h(c) = -7709*c + 69433. Give h(9).
52
Let n(i) = i**3 - 42*i**2 + 85*i - 1638. What is n(41)?
166
Let w(t) = 261*t + 5617. Determine w(-20).
397
Let g(p) = -375*p**3 - 26*p**2 - 25*p. Calculate g(-1).
374
Let o(w) = -10427*w - 2617157. Determine o(-251).
20
Let n(r) = -562*r + 3394. What is n(6)?
22
Let r(h) = -4048*h - 7232. Determine r(-2).
864
Let t(g) = -8345*g - 358846. Give t(-43).
-11
Let s(g) = 7684*g - 92255. What is s(12)?
-47
Let r(o) = -143*o**3 + 9869*o**2 - 138*o - 15. Determine r(69).
-15
Let d(x) = -3*x**3 + 338*x**2 + 1162*x - 584. What is d(116)?
-352
Let m(c) = c**2 - 3657*c - 84641. What is m(-23)?
-1
Let h(k) = -k**3 + 25*k**2 + 54*k + 10. Calculate h(-3).
100
Let j(b) = b**3 + 10955*b**2 - 43837*b + 1. Determine j(4).
-3
Let q(b) = 2*b**3 - 53*b**2 - 74*b + 186. What is q(28)?
466
Let o(z) = -z**3 - z**2 + 2380*z - 1357. Calculate o(48).
-13
Let z(w) = -22*w**2 - 79*w + 302. Give z(-6).
-16
Let s(a) = -60*a**2 - 654*a + 783. What is s(-12)?
-9
Let h(c) = -38148*c - 38238. What is h(-1)?
-90
Let i(v) = -508*v - 53084. Calculate i(-104).
-252
Let y(r) = -r**2 + 2579*r - 126462. Determine y(50).
-12
Let a(t) = t**3 + 270*t**2 - 5065*t + 34259. Determine a(-288).
-13
Let c(w) = -13*w**2 - 475*w + 6900. Calculate c(11).
102
Let r(y) = 2*y**3 - 3428*y**2 + 1223902*y - 2026. Determine r(507).
2
Let j(t) = 3*t**3 + 75*t**2 - 274*t - 183. What is j(4)?
113
Let u(j) = -2*j**3 + 26*j**2 + 15565*j - 202117. Determine u(13).
228
Let k(j) = -j**3 - 605*j**2 - 1810*j + 18. What is k(-3)?
30
Let l(x) = 4*x**3 + 221*x**2 + 665*x - 563. Give l(-52).
9
Let a(g) = 3*g**2 - 88*g + 268. Give a(4).
-36
Let v(r) = r**3 + 15*r**2 + 73*r - 137. Determine v(-12).
-581
Let h(j) = 508*j + 31942. Determine h(-63).
-62
Let i(p) = -18*p + 1304. Determine i(77).
-82
Let y(u) = -183*u**2 + 262*u - 1122. What is y(6)?
-6138
Let o(j) = -747*j - 21843. What is o(-29)?
-180
Let s(o) = -o**3 - 49*o**2 - 31*o + 5131. Give s(-46).
209
Let q(i) = -4*i**3 + 44*i**2 + 163*i - 10. Calculate q(0).
-10
Let k(q) = -1325*q - 193447. Determine k(-146).
3
Let r(c) = 1055*c + 28101. Give r(-27).
-384
Let f(o) = -o**2 - 369*o + 13341. Give f(34).
-361
Let f(t) = 188145*t + 752578. Determine f(-4).
-2
Let g(h) = h**2 + 184*h - 5709. What is g(30)?
711
Let k(h) = -3*h**3 - 235*h**2 + 7622*h - 63. Calculate k(-103).
-63
Let a(i) = 2*i**3 + 10*i**2 + 92*i + 693. Calculate a(-8).
-427
Let z(l) = l**3 + 445*l**2 - 5472*l + 25. Calculate z(12).
169
Let b(u) = -2925*u - 5865. Determine b(-2).
-15
Let w(g) = g**3 + 101*g**2 + 24751*g + 2535017. Calculate w(-102).
11
Let s(q) = -q**3 + 96*q**2 - 228*q + 3680. Calculate s(94).
-80
Let o(m) = 990*m + 462331. Give o(-467).
1
Let v(w) = 3*w**2 - 983*w + 25175. Give v(28).
3
Let q(u) = -u**3 - 12*u**2 - 359*u - 3758. Give q(-10).
-368
Let u(k) = -2*k**3 - 332*k**2 - 54*k - 8993. Give u(-166).
-29
Let q(m) = -49187*m + 983749. What is q(20)?
9
Let f(l) = -1669*l**2 + 253685*l + 449. What is f(152)?
-7
Let c(l) = 67*l**2 - 520*l - 70. Calculate c(8).
58
Let z(k) = 19252*k - 423650. What is z(22)?
-106
Let c(n) = -n**3 - 2*n**2 + 279*n + 1183. Calculate c(-4).
99
Let j(m) = -2*m**3 + 24*m**2 - 34*m + 238. Calculate j(12).
-170
Let t(u) = 2*u**2 - 22991*u - 22995. Give t(-1).
-2
Let x(b) = 5*b**2 - 4704*b - 2316575. What is x(-357)?
-2
Let y(g) = g**2 + 130*g - 1655. Give y(12).
49
Let s(f) = f**3 + 167*f**2 - 4795*f + 801. Determine s(-192).
-159
Let k(w) = -1688*w + 47211. Calculate k(28).
-53
Let y(z) = 63*z**2 + 20011*z + 98477. Give y(-5).
-3
Let z(x) = -x**3 - 27*x**2 + 107*x - 7811. Determine z(-36).
1
Let w(x) = 2348*x + 13333. Calculate w(-6).
-755
Let p(y) = 2*y**2 - 300*y - 33157. Give p(-74).
-5
Let n(p) = -2*p**3 + 38*p**2 + 47*p - 257. Give n(7).
1248
Let d(k) = 2*k**3 - 57*k**2 + 1917*k - 49533. Give d(27).
39
Let c(k) = k**3 - 63*k**2 + 966*k - 3522. What is c(42)?
6
Let f(g) = 3*g**2 + 202*g + 2561. Give f(-16).
97
Let g(t) = -t**2 + 94691*t + 568195. What is g(-6)?
13
Let m(d) = 2*d**2 + 44*d + 270. Determine m(-6).
78
Let k(c) = 9*c**2 + 1071*c - 59020. What is k(-160)?
20
Let o(g) = 2718*g + 103599. Determine o(-38).
315
Let g(r) = -r**3 + 23*r**2 - 156*r - 57. Calculate g(19).
-1577
Let w(x) = -5*x**2 - 422*x - 1773. Give w(-80).
-13
Let g(b) = -16*b**2 + 125*b + 3. Calculate g(7).
94
Let p(o) = o**3 + 768*o**2 - 11744*o + 69. What is p(15)?
84
Let s(l) = l**2 - 225*l + 4141. Give s(20).
41
Let g(u) = -66*u**2 - 2970*u - 180. Determine g(-45).
-180
Let n(s) = -5378*s**2 + 129074*s - 49. What is n(24)?
-1
Let r(a) = -10971*a + 10731. Give r(1).
-240
Let x(h) = -h**2 + 1585*h + 9548. Give x(-6).
2
Let q(x) = 16*x**3 + 335*x**2 - 1277*x - 3. Give q(4).
1273
Let y(c) = -21271*c - 25737906. Determine y(-1210).
4
Let v(j) = -1652*j - 33171. Give v(-20).
-131
Let t(o) = -762*o - 60281. Give t(-79).
-83
Let s(o) = 3488*o - 313. What is s(0)?
-313
Let n(m) = 6463*m - 14692. What is n(3)?
4697
Let f(i) = -i**3 + 24*i**2 + 78*i - 2974. Determine f(21).
-13
Let a(u) = 13*u**3 + 170*u - 778. Give a(0).
-778
Let o(d) = -18316*d + 402953. Determine o(22).
1
Let d(y) = -1649*y + 74. Calculate d(0).
74
Let o(m) = -m**3 - 306*m**2 + 16201*m + 3171. Calculate o(-352).
3
Let q(w) = 8*w**3 - 439*w**2 - 84*w + 284. Calculate q(55).
-1311
Let h(d) = 2*d**2 - 388*d + 3975. Calculate h(10).
295
Let r(n) = -n**3 + 153*n**2 + 99*n + 8540. Calculate r(154).
70
Let d(c) = -c**3 - 1647*c**2 - 12950*c + 265523. Give d(-1639).
5
Let q(l) = 2248*l - 245092. Determine q(109).
-60
Let x(q) = -323659*q - 2589272. Determine x(-8).
0
Let r(f) = -61*f**3 - f**2 - 8*f - 9. Determine r(-2).
491
Let h(x) = 6*x**3 + 1008*x**2 + 4*x + 683. Calculate h(-168).
11
Let w(t) = -7*t**3 - 33*t**2 + 184*t + 663. What is w(-3)?
3
Let